{"id":1347,"date":"2024-03-06T18:37:30","date_gmt":"2024-03-06T18:37:30","guid":{"rendered":"https:\/\/integraition.de\/?page_id=1347"},"modified":"2024-06-13T09:19:47","modified_gmt":"2024-06-13T09:19:47","slug":"integraition-integration-with-ai","status":"publish","type":"page","link":"https:\/\/integraition.de\/landing-page\/","title":{"rendered":"Landing Page"},"content":{"rendered":"\n<div class=\"wp-block-uagb-container uagb-block-c8688a21 alignfull uagb-is-root-container\"><div class=\"uagb-container-inner-blocks-wrap\">\n<header class=\"wp-block-uagb-advanced-heading uagb-block-a273e962\"><h1 class=\"uagb-heading-text\">Integration with AI<\/h1><\/header>\n\n\n\n<div data-aos= \"zoom-in\" data-aos-duration=\"400\" data-aos-delay=\"0\" data-aos-easing=\"ease\" data-aos-once=\"true\" class=\"wp-block-uagb-image aligncenter uagb-block-2251e82c wp-block-uagb-image--layout-default wp-block-uagb-image--effect-static wp-block-uagb-image--align-center\"><figure class=\"wp-block-uagb-image__figure\"><img decoding=\"async\" srcset=\"https:\/\/integraition.de\/wp-content\/uploads\/2024\/02\/image.svg ,https:\/\/integraition.de\/wp-content\/uploads\/2024\/02\/image.svg 780w, https:\/\/integraition.de\/wp-content\/uploads\/2024\/02\/image.svg 360w\" sizes=\"auto, (max-width: 480px) 150px\" src=\"https:\/\/integraition.de\/wp-content\/uploads\/2024\/02\/image.svg\" alt=\"\" class=\"uag-image-1138\" width=\"250\" height=\"250\" title=\"Logo IntegrAItion\" loading=\"lazy\" role=\"img\"\/><\/figure><\/div>\n<\/div><\/div>\n\n\n\n<div class=\"wp-block-uagb-container uagb-block-e498ae8f alignwide uagb-is-root-container\">\n<style>\n  .greetings {\n    display: flex;\n    justify-content: center;\n    align-items: center;\n    position: relative;\n    width: 100%;\n    height: 100px; \/* Erh\u00f6ht, um Platz f\u00fcr gr\u00f6\u00dfere Textgr\u00f6\u00dfen zu schaffen *\/\n    overflow: hidden;\n  }\n\n  .greeting {\n    position: absolute;\n    width: 100%;\n    height: 100%;\n    opacity: 0;\n    font-size: 4vw;\n    margin: 0; \/* Entfernt die Standard-Margins *\/\n    padding: 1px0 10px;\n    text-align: center; \/* Zentriert den Text horizontal *\/\n    display: flex;\n    justify-content: center;\n    align-items: center; \/* Zentriert den Text vertikal *\/\n    animation: greetingAnimation 32s infinite;\n  }\n  @keyframes greetingAnimation {\n    0%, 12.5% { opacity: 0; }\n    2%, 10.5% { opacity: 1; }\n  }\n\n  .greeting:nth-child(1) { animation-delay: 0s; }\n  .greeting:nth-child(2) { animation-delay: 4s; }\n  .greeting:nth-child(3) { animation-delay: 8s; }\n  .greeting:nth-child(4) { animation-delay: 12s; }\n  .greeting:nth-child(5) { animation-delay: 16s; }\n  .greeting:nth-child(6) { animation-delay: 20s; }\n  .greeting:nth-child(7) { animation-delay: 24s; }\n  .greeting:nth-child(8) { animation-delay: 28s; }\n<\/style>\n\n<div class=\"greetings\">\n    <h2 class=\"greeting\">Hallo! Bitte w\u00e4hlen Sie ihre Sprache aus.<\/h2>\n  <h2 class=\"greeting\">Hello! Please select your language.<\/h2>\n  <h2 class=\"greeting\">\u0417\u0434\u0440\u0430\u0432\u0441\u0442\u0432\u0443\u0439\u0442\u0435! \u041f\u043e\u0436\u0430\u043b\u0443\u0439\u0441\u0442\u0430, \u0432\u044b\u0431\u0435\u0440\u0438\u0442\u0435 \u0432\u0430\u0448 \u044f\u0437\u044b\u043a.<\/h2>\n  <h2 class=\"greeting\">\u0645\u0631\u062d\u0628\u0627! \u0627\u0644\u0631\u062c\u0627\u0621 \u0627\u062e\u062a\u064a\u0627\u0631 \u0644\u063a\u062a\u0643<\/h2>\n  <h2 class=\"greeting\">\u0633\u0644\u0627\u0645! \u0644\u0637\u0641\u0627\u064b \u0632\u0628\u0627\u0646 \u062e\u0648\u062f \u0631\u0627 \u0627\u0646\u062a\u062e\u0627\u0628 \u06a9\u0646\u06cc\u062f<\/h2>\n  <h2 class=\"greeting\">\u00a1Hola! Por favor, seleccione su idioma.<\/h2>\n  <h2 class=\"greeting\">Merhaba! L\u00fctfen dilinizi se\u00e7in.<\/h2>\n  <h2 class=\"greeting\">\u0928\u092e\u0938\u094d\u0924\u0947! \u0915\u0943\u092a\u092f\u093e \u0905\u092a\u0928\u0940 \u092d\u093e\u0937\u093e \u091a\u0941\u0928\u0947\u0902\u0964<\/h2>\n\n<\/div>\n<\/div>\n\n\n\n<div class=\"wp-block-uagb-separator uagb-block-608ea47c\"><div class=\"wp-block-uagb-separator__inner\" style=\"--my-background-image:\"><\/div><\/div>\n\n\n\n<div class=\"wp-block-uagb-container uagb-block-b6ffecda alignfull uagb-is-root-container\"><div class=\"uagb-container-inner-blocks-wrap\">\n<div class=\"wp-block-uagb-container uagb-block-ef0400d0\">\n<div class=\"wp-block-buttons is-content-justification-center is-layout-flex wp-container-core-buttons-is-layout-a89b3969 wp-block-buttons-is-layout-flex\">\n<div class=\"wp-block-button has-custom-width wp-block-button__width-50\"><a class=\"wp-block-button__link wp-element-button\" href=\"https:\/\/integraition.de\/home-de\">Deutsch<\/a><\/div>\n<\/div>\n<\/div>\n\n\n\n<div class=\"wp-block-uagb-container uagb-block-757c2475\">\n<div class=\"wp-block-buttons is-content-justification-center is-layout-flex wp-container-core-buttons-is-layout-a89b3969 wp-block-buttons-is-layout-flex\">\n<div class=\"wp-block-button has-custom-width wp-block-button__width-50\"><a class=\"wp-block-button__link wp-element-button\" href=\"https:\/\/integraition.de\/en\/home-en\" rel=\"\">English<\/a><\/div>\n<\/div>\n<\/div>\n\n\n\n<div class=\"wp-block-uagb-container uagb-block-67b571fe\">\n<div class=\"wp-block-buttons is-content-justification-center is-layout-flex wp-container-core-buttons-is-layout-a89b3969 wp-block-buttons-is-layout-flex\">\n<div class=\"wp-block-button has-custom-width wp-block-button__width-50\"><a class=\"wp-block-button__link wp-element-button\" href=\"https:\/\/integraition.de\/es\/home-es\/\" rel=\"\">Espa\u00f1ol<\/a><\/div>\n<\/div>\n<\/div>\n\n\n\n<div class=\"wp-block-uagb-container uagb-block-0ca56c49\">\n<div class=\"wp-block-buttons is-content-justification-center is-layout-flex wp-container-core-buttons-is-layout-a89b3969 wp-block-buttons-is-layout-flex\">\n<div class=\"wp-block-button has-custom-width wp-block-button__width-50\"><a class=\"wp-block-button__link wp-element-button\" href=\"https:\/\/integraition.de\/tr\/home-tr\/\" rel=\"\">T\u00fcrk\u00e7e<\/a><\/div>\n<\/div>\n<\/div>\n\n\n\n<div class=\"wp-block-uagb-container uagb-block-9e7727df\">\n<div class=\"wp-block-buttons is-content-justification-center is-layout-flex wp-container-core-buttons-is-layout-a89b3969 wp-block-buttons-is-layout-flex\">\n<div class=\"wp-block-button has-custom-width wp-block-button__width-50\"><a class=\"wp-block-button__link wp-element-button\" href=\"https:\/\/integraition.de\/ru\/home-ru\/\" rel=\"\">\u0420\u0443\u0441\u0441\u043a\u0438\u0439<\/a><\/div>\n<\/div>\n<\/div>\n\n\n\n<div class=\"wp-block-uagb-container uagb-block-3b0f0cd3\">\n<div class=\"wp-block-buttons is-content-justification-center is-layout-flex wp-container-core-buttons-is-layout-a89b3969 wp-block-buttons-is-layout-flex\">\n<div class=\"wp-block-button has-custom-width wp-block-button__width-50\"><a class=\"wp-block-button__link wp-element-button\" href=\"https:\/\/integraition.de\/ar\/home-ar\/\" rel=\"\">\u0627\u0644\u0639\u0631\u0628\u064a\u0629<\/a><\/div>\n<\/div>\n<\/div>\n\n\n\n<div class=\"wp-block-uagb-container uagb-block-d99cceed\">\n<div class=\"wp-block-buttons is-content-justification-center is-layout-flex wp-container-core-buttons-is-layout-a89b3969 wp-block-buttons-is-layout-flex\">\n<div class=\"wp-block-button has-custom-width wp-block-button__width-50\"><a class=\"wp-block-button__link wp-element-button\" href=\"https:\/\/integraition.de\/fa\/home-fa\/\" rel=\"\">\u0641\u0627\u0631\u0633\u06cc<\/a><\/div>\n<\/div>\n<\/div>\n\n\n\n<div class=\"wp-block-uagb-container uagb-block-c9fcc3b7\">\n<div class=\"wp-block-buttons is-content-justification-center is-layout-flex wp-container-core-buttons-is-layout-a89b3969 wp-block-buttons-is-layout-flex\">\n<div class=\"wp-block-button has-custom-width wp-block-button__width-50\"><a class=\"wp-block-button__link wp-element-button\" href=\"https:\/\/integraition.de\/hi\/home-hi\/\" rel=\"\">\u0939\u093f\u0928\u094d\u0926\u0940<\/a><\/div>\n<\/div>\n<\/div>\n<\/div><\/div>\n\n\n\n<div class=\"wp-block-uagb-separator uagb-block-5f87b635\"><div class=\"wp-block-uagb-separator__inner\" style=\"--my-background-image:\"><\/div><\/div>\n\n\n\n<div class=\"wp-block-uagb-container uagb-block-d43a0160 alignfull uagb-is-root-container\"><div class=\"uagb-container-inner-blocks-wrap\"><\/div><\/div>\n\n\n<div class=\"wp-block-uagb-faq uagb-faq__outer-wrap uagb-block-a36ffcc3 uagb-faq-icon-row uagb-faq-layout-accordion uagb-faq-expand-first-true uagb-faq-inactive-other-true uagb-faq__wrap uagb-buttons-layout-wrap uagb-faq-equal-height     \" data-faqtoggle=\"true\" role=\"tablist\"><div class=\"wp-block-uagb-faq-child uagb-faq-child__outer-wrap uagb-faq-item uagb-block-8dab462d \" role=\"tab\" tabindex=\"0\"><div class=\"uagb-faq-questions-button uagb-faq-questions\">\t\t\t<span class=\"uagb-icon uagb-faq-icon-wrap\">\n\t\t\t\t\t\t\t\t<svg xmlns=\"https:\/\/www.w3.org\/2000\/svg\" viewBox= \"0 0 448 512\"><path d=\"M432 256c0 17.69-14.33 32.01-32 32.01H256v144c0 17.69-14.33 31.99-32 31.99s-32-14.3-32-31.99v-144H48c-17.67 0-32-14.32-32-32.01s14.33-31.99 32-31.99H192v-144c0-17.69 14.33-32.01 32-32.01s32 14.32 32 32.01v144h144C417.7 224 432 238.3 432 256z\"><\/path><\/svg>\n\t\t\t\t\t\t\t<\/span>\n\t\t\t\t\t\t<span class=\"uagb-icon-active uagb-faq-icon-wrap\">\n\t\t\t\t\t\t\t\t<svg xmlns=\"https:\/\/www.w3.org\/2000\/svg\" viewBox= \"0 0 448 512\"><path d=\"M400 288h-352c-17.69 0-32-14.32-32-32.01s14.31-31.99 32-31.99h352c17.69 0 32 14.3 32 31.99S417.7 288 400 288z\"><\/path><\/svg>\n\t\t\t\t\t\t\t<\/span>\n\t\t\t<span class=\"uagb-question\">Integration with AI<\/span><\/div><div class=\"uagb-faq-content\"><p>IntegrAItion is committed to transforming the lives of newcomers and expats in Germany by providing comprehensive educational resources on AI tools. Our platform is designed to simplify the integration process and enrich daily experiences through the power of artificial intelligence. We offer a wide range of educational materials, tutorials, and guides to help newcomers harness AI technology for language learning, job searching, cultural adaptation, and more. By making advanced technology accessible and understandable, Integration with AI enables newcomers and expats to navigate their new environment confidently and efficiently. Join our community and explore how AI can make your integration journey smoother and more rewarding. At IntegrAItion, we believe that knowledge is the key to empowerment and successful integration. Discover the potential of AI and take the first step towards a brighter future in Germany.<\/p><\/div><\/div><\/div>","protected":false},"excerpt":{"rendered":"<p>Integration with AI Hallo! Bitte w\u00e4hlen Sie ihre Sprache aus. Hello! Please select your language. \u0417\u0434\u0440\u0430\u0432\u0441\u0442\u0432\u0443\u0439\u0442\u0435! \u041f\u043e\u0436\u0430\u043b\u0443\u0439\u0441\u0442\u0430, \u0432\u044b\u0431\u0435\u0440\u0438\u0442\u0435 \u0432\u0430\u0448 \u044f\u0437\u044b\u043a. \u0645\u0631\u062d\u0628\u0627! \u0627\u0644\u0631\u062c\u0627\u0621 \u0627\u062e\u062a\u064a\u0627\u0631 \u0644\u063a\u062a\u0643 \u0633\u0644\u0627\u0645! \u0644\u0637\u0641\u0627\u064b \u0632\u0628\u0627\u0646 \u062e\u0648\u062f \u0631\u0627 \u0627\u0646\u062a\u062e\u0627\u0628 \u06a9\u0646\u06cc\u062f \u00a1Hola! Por favor, seleccione su idioma. Merhaba! L\u00fctfen dilinizi se\u00e7in. \u0928\u092e\u0938\u094d\u0924\u0947! \u0915\u0943\u092a\u092f\u093e \u0905\u092a\u0928\u0940 \u092d\u093e\u0937\u093e \u091a\u0941\u0928\u0947\u0902\u0964<\/p>\n","protected":false},"author":1,"featured_media":0,"parent":0,"menu_order":0,"comment_status":"closed","ping_status":"closed","template":"","meta":{"_uag_custom_page_level_css":"","site-sidebar-layout":"default","site-content-layout":"","ast-site-content-layout":"default","site-content-style":"default","site-sidebar-style":"default","ast-global-header-display":"disabled","ast-banner-title-visibility":"","ast-main-header-display":"","ast-hfb-above-header-display":"","ast-hfb-below-header-display":"","ast-hfb-mobile-header-display":"","site-post-title":"","ast-breadcrumbs-content":"","ast-featured-img":"","footer-sml-layout":"","theme-transparent-header-meta":"","adv-header-id-meta":"","stick-header-meta":"","header-above-stick-meta":"","header-main-stick-meta":"","header-below-stick-meta":"","astra-migrate-meta-layouts":"set","ast-page-background-enabled":"default","ast-page-background-meta":{"desktop":{"background-color":"var(--ast-global-color-4)","background-image":"","background-repeat":"repeat","background-position":"center center","background-size":"auto","background-attachment":"scroll","background-type":"","background-media":"","overlay-type":"","overlay-color":"","overlay-opacity":"","overlay-gradient":""},"tablet":{"background-color":"","background-image":"","background-repeat":"repeat","background-position":"center center","background-size":"auto","background-attachment":"scroll","background-type":"","background-media":"","overlay-type":"","overlay-color":"","overlay-opacity":"","overlay-gradient":""},"mobile":{"background-color":"","background-image":"","background-repeat":"repeat","background-position":"center center","background-size":"auto","background-attachment":"scroll","background-type":"","background-media":"","overlay-type":"","overlay-color":"","overlay-opacity":"","overlay-gradient":""}},"ast-content-background-meta":{"desktop":{"background-color":"var(--ast-global-color-5)","background-image":"","background-repeat":"repeat","background-position":"center center","background-size":"auto","background-attachment":"scroll","background-type":"","background-media":"","overlay-type":"","overlay-color":"","overlay-opacity":"","overlay-gradient":""},"tablet":{"background-color":"var(--ast-global-color-5)","background-image":"","background-repeat":"repeat","background-position":"center center","background-size":"auto","background-attachment":"scroll","background-type":"","background-media":"","overlay-type":"","overlay-color":"","overlay-opacity":"","overlay-gradient":""},"mobile":{"background-color":"var(--ast-global-color-5)","background-image":"","background-repeat":"repeat","background-position":"center center","background-size":"auto","background-attachment":"scroll","background-type":"","background-media":"","overlay-type":"","overlay-color":"","overlay-opacity":"","overlay-gradient":""}},"footnotes":""},"class_list":["post-1347","page","type-page","status-publish","hentry"],"yoast_head":"<!-- This site is optimized with the Yoast SEO plugin v25.7 - https:\/\/yoast.com\/wordpress\/plugins\/seo\/ -->\n<title>IntegrAItion - Integration with AI<\/title>\n<meta name=\"description\" content=\"We empower newcomers in germany with the knowledge and to navigate their new environment. Integration with AI. Unlocking Potential with AI.\" \/>\n<meta name=\"robots\" content=\"index, follow, max-snippet:-1, max-image-preview:large, max-video-preview:-1\" \/>\n<link rel=\"canonical\" href=\"https:\/\/integraition.de\/landing-page\/\" \/>\n<meta property=\"og:locale\" content=\"de_DE\" \/>\n<meta property=\"og:type\" content=\"article\" \/>\n<meta property=\"og:title\" content=\"IntegrAItion - Integration with AI\" \/>\n<meta property=\"og:description\" content=\"We empower newcomers in germany with the knowledge and to navigate their new environment. Integration with AI. Unlocking Potential with AI.\" \/>\n<meta property=\"og:url\" content=\"https:\/\/integraition.de\/landing-page\/\" \/>\n<meta property=\"og:site_name\" content=\"IntegrAItion\" \/>\n<meta property=\"article:modified_time\" content=\"2024-06-13T09:19:47+00:00\" \/>\n<meta property=\"og:image\" content=\"https:\/\/integraition.de\/wp-content\/uploads\/2024\/02\/image.svg\" \/>\n<meta name=\"twitter:card\" content=\"summary_large_image\" \/>\n<meta name=\"twitter:label1\" content=\"Gesch\u00e4tzte Lesezeit\" \/>\n\t<meta name=\"twitter:data1\" content=\"2\u00a0Minuten\" \/>\n<script type=\"application\/ld+json\" class=\"yoast-schema-graph\">{\"@context\":\"https:\/\/schema.org\",\"@graph\":[{\"@type\":\"WebPage\",\"@id\":\"https:\/\/integraition.de\/landing-page\/\",\"url\":\"https:\/\/integraition.de\/landing-page\/\",\"name\":\"IntegrAItion - Integration with AI\",\"isPartOf\":{\"@id\":\"https:\/\/integraition.de\/landing-page\/#website\"},\"primaryImageOfPage\":{\"@id\":\"https:\/\/integraition.de\/landing-page\/#primaryimage\"},\"image\":{\"@id\":\"https:\/\/integraition.de\/landing-page\/#primaryimage\"},\"thumbnailUrl\":\"https:\/\/integraition.de\/wp-content\/uploads\/2024\/02\/image.svg\",\"datePublished\":\"2024-03-06T18:37:30+00:00\",\"dateModified\":\"2024-06-13T09:19:47+00:00\",\"description\":\"We empower newcomers in germany with the knowledge and to navigate their new environment. Integration with AI. Unlocking Potential with AI.\",\"breadcrumb\":{\"@id\":\"https:\/\/integraition.de\/landing-page\/#breadcrumb\"},\"inLanguage\":\"de\",\"potentialAction\":[{\"@type\":\"ReadAction\",\"target\":[\"https:\/\/integraition.de\/landing-page\/\"]}]},{\"@type\":\"ImageObject\",\"inLanguage\":\"de\",\"@id\":\"https:\/\/integraition.de\/landing-page\/#primaryimage\",\"url\":\"https:\/\/integraition.de\/wp-content\/uploads\/2024\/02\/image.svg\",\"contentUrl\":\"https:\/\/integraition.de\/wp-content\/uploads\/2024\/02\/image.svg\"},{\"@type\":\"BreadcrumbList\",\"@id\":\"https:\/\/integraition.de\/landing-page\/#breadcrumb\",\"itemListElement\":[{\"@type\":\"ListItem\",\"position\":1,\"name\":\"Home\",\"item\":\"https:\/\/integraition.de\/landing-page\/\"},{\"@type\":\"ListItem\",\"position\":2,\"name\":\"Landing Page\"}]},{\"@type\":\"WebSite\",\"@id\":\"https:\/\/integraition.de\/landing-page\/#website\",\"url\":\"https:\/\/integraition.de\/landing-page\/\",\"name\":\"IntegrAItion\",\"description\":\"Enabling your AI Journey\",\"publisher\":{\"@id\":\"https:\/\/integraition.de\/landing-page\/#organization\"},\"alternateName\":\"Alba\",\"potentialAction\":[{\"@type\":\"SearchAction\",\"target\":{\"@type\":\"EntryPoint\",\"urlTemplate\":\"https:\/\/integraition.de\/landing-page\/?s={search_term_string}\"},\"query-input\":{\"@type\":\"PropertyValueSpecification\",\"valueRequired\":true,\"valueName\":\"search_term_string\"}}],\"inLanguage\":\"de\"},{\"@type\":\"Organization\",\"@id\":\"https:\/\/integraition.de\/landing-page\/#organization\",\"name\":\"IntegrAItion\",\"url\":\"https:\/\/integraition.de\/landing-page\/\",\"logo\":{\"@type\":\"ImageObject\",\"inLanguage\":\"de\",\"@id\":\"https:\/\/integraition.de\/landing-page\/#\/schema\/logo\/image\/\",\"url\":\"https:\/\/i0.wp.com\/integraition.de\/wp-content\/uploads\/2024\/03\/cropped-logoalba-removebg-preview-3.png?fit=864%2C284&ssl=1\",\"contentUrl\":\"https:\/\/i0.wp.com\/integraition.de\/wp-content\/uploads\/2024\/03\/cropped-logoalba-removebg-preview-3.png?fit=864%2C284&ssl=1\",\"width\":864,\"height\":284,\"caption\":\"IntegrAItion\"},\"image\":{\"@id\":\"https:\/\/integraition.de\/landing-page\/#\/schema\/logo\/image\/\"}}]}<\/script>\n<!-- \/ Yoast SEO plugin. -->","yoast_head_json":{"title":"IntegrAItion - Integration with AI","description":"We empower newcomers in germany with the knowledge and to navigate their new environment. Integration with AI. Unlocking Potential with AI.","robots":{"index":"index","follow":"follow","max-snippet":"max-snippet:-1","max-image-preview":"max-image-preview:large","max-video-preview":"max-video-preview:-1"},"canonical":"https:\/\/integraition.de\/landing-page\/","og_locale":"de_DE","og_type":"article","og_title":"IntegrAItion - Integration with AI","og_description":"We empower newcomers in germany with the knowledge and to navigate their new environment. Integration with AI. Unlocking Potential with AI.","og_url":"https:\/\/integraition.de\/landing-page\/","og_site_name":"IntegrAItion","article_modified_time":"2024-06-13T09:19:47+00:00","og_image":[{"url":"https:\/\/integraition.de\/wp-content\/uploads\/2024\/02\/image.svg","type":"","width":"","height":""}],"twitter_card":"summary_large_image","twitter_misc":{"Gesch\u00e4tzte Lesezeit":"2\u00a0Minuten"},"schema":{"@context":"https:\/\/schema.org","@graph":[{"@type":"WebPage","@id":"https:\/\/integraition.de\/landing-page\/","url":"https:\/\/integraition.de\/landing-page\/","name":"IntegrAItion - Integration with AI","isPartOf":{"@id":"https:\/\/integraition.de\/landing-page\/#website"},"primaryImageOfPage":{"@id":"https:\/\/integraition.de\/landing-page\/#primaryimage"},"image":{"@id":"https:\/\/integraition.de\/landing-page\/#primaryimage"},"thumbnailUrl":"https:\/\/integraition.de\/wp-content\/uploads\/2024\/02\/image.svg","datePublished":"2024-03-06T18:37:30+00:00","dateModified":"2024-06-13T09:19:47+00:00","description":"We empower newcomers in germany with the knowledge and to navigate their new environment. Integration with AI. Unlocking Potential with AI.","breadcrumb":{"@id":"https:\/\/integraition.de\/landing-page\/#breadcrumb"},"inLanguage":"de","potentialAction":[{"@type":"ReadAction","target":["https:\/\/integraition.de\/landing-page\/"]}]},{"@type":"ImageObject","inLanguage":"de","@id":"https:\/\/integraition.de\/landing-page\/#primaryimage","url":"https:\/\/integraition.de\/wp-content\/uploads\/2024\/02\/image.svg","contentUrl":"https:\/\/integraition.de\/wp-content\/uploads\/2024\/02\/image.svg"},{"@type":"BreadcrumbList","@id":"https:\/\/integraition.de\/landing-page\/#breadcrumb","itemListElement":[{"@type":"ListItem","position":1,"name":"Home","item":"https:\/\/integraition.de\/landing-page\/"},{"@type":"ListItem","position":2,"name":"Landing Page"}]},{"@type":"WebSite","@id":"https:\/\/integraition.de\/landing-page\/#website","url":"https:\/\/integraition.de\/landing-page\/","name":"IntegrAItion","description":"Enabling your AI Journey","publisher":{"@id":"https:\/\/integraition.de\/landing-page\/#organization"},"alternateName":"Alba","potentialAction":[{"@type":"SearchAction","target":{"@type":"EntryPoint","urlTemplate":"https:\/\/integraition.de\/landing-page\/?s={search_term_string}"},"query-input":{"@type":"PropertyValueSpecification","valueRequired":true,"valueName":"search_term_string"}}],"inLanguage":"de"},{"@type":"Organization","@id":"https:\/\/integraition.de\/landing-page\/#organization","name":"IntegrAItion","url":"https:\/\/integraition.de\/landing-page\/","logo":{"@type":"ImageObject","inLanguage":"de","@id":"https:\/\/integraition.de\/landing-page\/#\/schema\/logo\/image\/","url":"https:\/\/i0.wp.com\/integraition.de\/wp-content\/uploads\/2024\/03\/cropped-logoalba-removebg-preview-3.png?fit=864%2C284&ssl=1","contentUrl":"https:\/\/i0.wp.com\/integraition.de\/wp-content\/uploads\/2024\/03\/cropped-logoalba-removebg-preview-3.png?fit=864%2C284&ssl=1","width":864,"height":284,"caption":"IntegrAItion"},"image":{"@id":"https:\/\/integraition.de\/landing-page\/#\/schema\/logo\/image\/"}}]}},"uagb_featured_image_src":{"full":false,"thumbnail":false,"medium":false,"medium_large":false,"large":false,"1536x1536":false,"2048x2048":false},"uagb_author_info":{"display_name":"admin","author_link":"https:\/\/integraition.de\/landing-page\/author\/admin\/"},"uagb_comment_info":0,"uagb_excerpt":"Integration with AI Hallo! Bitte w\u00e4hlen Sie ihre Sprache aus. Hello! Please select your language. \u0417\u0434\u0440\u0430\u0432\u0441\u0442\u0432\u0443\u0439\u0442\u0435! \u041f\u043e\u0436\u0430\u043b\u0443\u0439\u0441\u0442\u0430, \u0432\u044b\u0431\u0435\u0440\u0438\u0442\u0435 \u0432\u0430\u0448 \u044f\u0437\u044b\u043a. \u0645\u0631\u062d\u0628\u0627! \u0627\u0644\u0631\u062c\u0627\u0621 \u0627\u062e\u062a\u064a\u0627\u0631 \u0644\u063a\u062a\u0643 \u0633\u0644\u0627\u0645! \u0644\u0637\u0641\u0627\u064b \u0632\u0628\u0627\u0646 \u062e\u0648\u062f \u0631\u0627 \u0627\u0646\u062a\u062e\u0627\u0628 \u06a9\u0646\u06cc\u062f \u00a1Hola! Por favor, seleccione su idioma. Merhaba! L\u00fctfen dilinizi se\u00e7in. \u0928\u092e\u0938\u094d\u0924\u0947! \u0915\u0943\u092a\u092f\u093e \u0905\u092a\u0928\u0940 \u092d\u093e\u0937\u093e \u091a\u0941\u0928\u0947\u0902\u0964","jetpack_sharing_enabled":true,"_links":{"self":[{"href":"https:\/\/integraition.de\/landing-page\/wp-json\/wp\/v2\/pages\/1347","targetHints":{"allow":["GET"]}}],"collection":[{"href":"https:\/\/integraition.de\/landing-page\/wp-json\/wp\/v2\/pages"}],"about":[{"href":"https:\/\/integraition.de\/landing-page\/wp-json\/wp\/v2\/types\/page"}],"author":[{"embeddable":true,"href":"https:\/\/integraition.de\/landing-page\/wp-json\/wp\/v2\/users\/1"}],"replies":[{"embeddable":true,"href":"https:\/\/integraition.de\/landing-page\/wp-json\/wp\/v2\/comments?post=1347"}],"version-history":[{"count":68,"href":"https:\/\/integraition.de\/landing-page\/wp-json\/wp\/v2\/pages\/1347\/revisions"}],"predecessor-version":[{"id":2686,"href":"https:\/\/integraition.de\/landing-page\/wp-json\/wp\/v2\/pages\/1347\/revisions\/2686"}],"wp:attachment":[{"href":"https:\/\/integraition.de\/landing-page\/wp-json\/wp\/v2\/media?parent=1347"}],"curies":[{"name":"wp","href":"https:\/\/api.w.org\/{rel}","templated":true}]}}